{"version":"1.0","provider_name":"Maty\u00e1\u0161 Nov\u00e1k","provider_url":"https:\/\/www.matyasnovak.eu\/en","author_name":"Maty\u00e1\u0161 Nov\u00e1k","author_url":"https:\/\/www.matyasnovak.eu\/en\/author\/novak\/","title":"Klav\u00edrn\u00ed recit\u00e1l Bezd\u011bz ~ Maty\u00e1\u0161 Nov\u00e1k","type":"rich","width":600,"height":338,"html":"<blockquote class=\"wp-embedded-content\" data-secret=\"LnxHW9VzdF\"><a href=\"https:\/\/www.matyasnovak.eu\/en\/koncerty\/klavirni-recital-bezdez\/\">Klav\u00edrn\u00ed recit\u00e1l Bezd\u011bz<\/a><\/blockquote><iframe sandbox=\"allow-scripts\" security=\"restricted\" src=\"https:\/\/www.matyasnovak.eu\/en\/koncerty\/klavirni-recital-bezdez\/embed\/#?secret=LnxHW9VzdF\" width=\"600\" height=\"338\" title=\"&#8220;Klav\u00edrn\u00ed recit\u00e1l Bezd\u011bz&#8221; &#8212; Maty\u00e1\u0161 Nov\u00e1k\" data-secret=\"LnxHW9VzdF\" frameborder=\"0\" marginwidth=\"0\" marginheight=\"0\" scrolling=\"no\" class=\"wp-embedded-content\"><\/iframe><script>\n\/*! This file is auto-generated *\/\n!function(d,l){\"use strict\";l.querySelector&&d.addEventListener&&\"undefined\"!=typeof URL&&(d.wp=d.wp||{},d.wp.receiveEmbedMessage||(d.wp.receiveEmbedMessage=function(e){var t=e.data;if((t||t.secret||t.message||t.value)&&!\/[^a-zA-Z0-9]\/.test(t.secret)){for(var s,r,n,a=l.querySelectorAll('iframe[data-secret=\"'+t.secret+'\"]'),o=l.querySelectorAll('blockquote[data-secret=\"'+t.secret+'\"]'),c=new RegExp(\"^https?:$\",\"i\"),i=0;i<o.length;i++)o[i].style.display=\"none\";for(i=0;i<a.length;i++)s=a[i],e.source===s.contentWindow&&(s.removeAttribute(\"style\"),\"height\"===t.message?(1e3<(r=parseInt(t.value,10))?r=1e3:~~r<200&&(r=200),s.height=r):\"link\"===t.message&&(r=new URL(s.getAttribute(\"src\")),n=new URL(t.value),c.test(n.protocol))&&n.host===r.host&&l.activeElement===s&&(d.top.location.href=t.value))}},d.addEventListener(\"message\",d.wp.receiveEmbedMessage,!1),l.addEventListener(\"DOMContentLoaded\",function(){for(var e,t,s=l.querySelectorAll(\"iframe.wp-embedded-content\"),r=0;r<s.length;r++)(t=(e=s[r]).getAttribute(\"data-secret\"))||(t=Math.random().toString(36).substring(2,12),e.src+=\"#?secret=\"+t,e.setAttribute(\"data-secret\",t)),e.contentWindow.postMessage({message:\"ready\",secret:t},\"*\")},!1)))}(window,document);\n\/\/# sourceURL=https:\/\/www.matyasnovak.eu\/wp-includes\/js\/wp-embed.min.js\n<\/script>","thumbnail_url":"https:\/\/www.matyasnovak.eu\/wp-content\/uploads\/2023\/07\/foto-lenka-hatasova7761-scaled-1.webp","thumbnail_width":1792,"thumbnail_height":1195,"description":"K p\u0159\u00edle\u017eitosti roku \u010desk\u00e9 hudby a oslav v\u00fdro\u010d\u00ed 760 let hradu Bezd\u011bz po\u0159\u00e1daj\u00ed nad\u0161en\u00ed studenti Pedagogick\u00e9 fakulty Univerzity Karlovy t\u0159\u00eddenn\u00ed kulturn\u011b vzd\u011bl\u00e1vac\u00ed ud\u00e1lost. Ud\u00e1lost je ur\u010dena \u0161irok\u00e9 ve\u0159ejnosti; zejm\u00e9na t\u011bm, kte\u0159\u00ed cht\u011bj\u00ed pro\u017e\u00edt jedine\u010dn\u00fd hudebn\u00ed z\u00e1\u017eitek v panensk\u00e9 p\u0159\u00edrod\u011b v harmonii s lidskou tvo\u0159ivost\u00ed v t\u00f3nech hudebn\u00edch n\u00e1stroj\u016f. V r\u00e1mci Bezd\u011bzsk\u00fdch hudebn\u00edch slavnost\u00ed se 22. [&hellip;]"}

Matyáš Novák

Klavírní recitál Bezděz ~ Matyáš Novák

<blockquote class="wp-embedded-content" data-secret="LnxHW9VzdF"><a href="https://www.matyasnovak.eu/en/koncerty/klavirni-recital-bezdez/">Klavírní recitál Bezděz</a></blockquote><iframe sandbox="allow-scripts" security="restricted" src="https://www.matyasnovak.eu/en/koncerty/klavirni-recital-bezdez/embed/#?secret=LnxHW9VzdF" width="600" height="338" title="&#8220;Klavírní recitál Bezděz&#8221; &#8212; Matyáš Novák" data-secret="LnxHW9VzdF" frameborder="0" marginwidth="0" marginheight="0" scrolling="no" class="wp-embedded-content"></iframe><script>
/*! This file is auto-generated */
!function(d,l){"use strict";l.querySelector&&d.addEventListener&&"undefined"!=typeof URL&&(d.wp=d.wp||{},d.wp.receiveEmbedMessage||(d.wp.receiveEmbedMessage=function(e){var t=e.data;if((t||t.secret||t.message||t.value)&&!/[^a-zA-Z0-9]/.test(t.secret)){for(var s,r,n,a=l.querySelectorAll('iframe[data-secret="'+t.secret+'"]'),o=l.querySelectorAll('blockquote[data-secret="'+t.secret+'"]'),c=new RegExp("^https?:$","i"),i=0;i<o.length;i++)o[i].style.display="none";for(i=0;i<a.length;i++)s=a[i],e.source===s.contentWindow&&(s.removeAttribute("style"),"height"===t.message?(1e3<(r=parseInt(t.value,10))?r=1e3:~~r<200&&(r=200),s.height=r):"link"===t.message&&(r=new URL(s.getAttribute("src")),n=new URL(t.value),c.test(n.protocol))&&n.host===r.host&&l.activeElement===s&&(d.top.location.href=t.value))}},d.addEventListener("message",d.wp.receiveEmbedMessage,!1),l.addEventListener("DOMContentLoaded",function(){for(var e,t,s=l.querySelectorAll("iframe.wp-embedded-content"),r=0;r<s.length;r++)(t=(e=s[r]).getAttribute("data-secret"))||(t=Math.random().toString(36).substring(2,12),e.src+="#?secret="+t,e.setAttribute("data-secret",t)),e.contentWindow.postMessage({message:"ready",secret:t},"*")},!1)))}(window,document);
//# sourceURL=https://www.matyasnovak.eu/wp-includes/js/wp-embed.min.js
</script>

K příležitosti roku české hudby a oslav výročí 760 let hradu Bezděz pořádají nadšení studenti Pedagogické fakulty Univerzity Karlovy třídenní kulturně vzdělávací událost. Událost je určena široké veřejnosti; zejména těm, kteří chtějí prožít jedinečný hudební zážitek v panenské přírodě v harmonii s lidskou tvořivostí v tónech hudebních nástrojů. V rámci Bezdězských hudebních slavností se 22. [&hellip;]
