{"version":"1.0","provider_name":"Maty\u00e1\u0161 Nov\u00e1k","provider_url":"http:\/\/www.matyasnovak.eu\/en","author_name":"Filip20","author_url":"http:\/\/www.matyasnovak.eu\/en\/author\/jahnatek\/","title":"Maty\u00e1\u0161 Nov\u00e1k a Franz Liszt v Ane\u017esk\u00e9m kl\u00e1\u0161te\u0159e ~ Maty\u00e1\u0161 Nov\u00e1k","type":"rich","width":600,"height":338,"html":"<blockquote class=\"wp-embedded-content\" data-secret=\"MbzCQnoBhW\"><a href=\"http:\/\/www.matyasnovak.eu\/en\/aktuality\/matyas-novak-a-franz-liszt-v-anezskem-klastere\/\">Maty\u00e1\u0161 Nov\u00e1k a Franz Liszt v Ane\u017esk\u00e9m kl\u00e1\u0161te\u0159e<\/a><\/blockquote><iframe sandbox=\"allow-scripts\" security=\"restricted\" src=\"http:\/\/www.matyasnovak.eu\/en\/aktuality\/matyas-novak-a-franz-liszt-v-anezskem-klastere\/embed\/#?secret=MbzCQnoBhW\" width=\"600\" height=\"338\" title=\"&#8220;Maty\u00e1\u0161 Nov\u00e1k a Franz Liszt v Ane\u017esk\u00e9m kl\u00e1\u0161te\u0159e&#8221; &#8212; Maty\u00e1\u0161 Nov\u00e1k\" data-secret=\"MbzCQnoBhW\" frameborder=\"0\" marginwidth=\"0\" marginheight=\"0\" scrolling=\"no\" class=\"wp-embedded-content\"><\/iframe><script>\n\/*! This file is auto-generated *\/\n!function(d,l){\"use strict\";l.querySelector&&d.addEventListener&&\"undefined\"!=typeof URL&&(d.wp=d.wp||{},d.wp.receiveEmbedMessage||(d.wp.receiveEmbedMessage=function(e){var t=e.data;if((t||t.secret||t.message||t.value)&&!\/[^a-zA-Z0-9]\/.test(t.secret)){for(var s,r,n,a=l.querySelectorAll('iframe[data-secret=\"'+t.secret+'\"]'),o=l.querySelectorAll('blockquote[data-secret=\"'+t.secret+'\"]'),c=new RegExp(\"^https?:$\",\"i\"),i=0;i<o.length;i++)o[i].style.display=\"none\";for(i=0;i<a.length;i++)s=a[i],e.source===s.contentWindow&&(s.removeAttribute(\"style\"),\"height\"===t.message?(1e3<(r=parseInt(t.value,10))?r=1e3:~~r<200&&(r=200),s.height=r):\"link\"===t.message&&(r=new URL(s.getAttribute(\"src\")),n=new URL(t.value),c.test(n.protocol))&&n.host===r.host&&l.activeElement===s&&(d.top.location.href=t.value))}},d.addEventListener(\"message\",d.wp.receiveEmbedMessage,!1),l.addEventListener(\"DOMContentLoaded\",function(){for(var e,t,s=l.querySelectorAll(\"iframe.wp-embedded-content\"),r=0;r<s.length;r++)(t=(e=s[r]).getAttribute(\"data-secret\"))||(t=Math.random().toString(36).substring(2,12),e.src+=\"#?secret=\"+t,e.setAttribute(\"data-secret\",t)),e.contentWindow.postMessage({message:\"ready\",secret:t},\"*\")},!1)))}(window,document);\n\/\/# sourceURL=http:\/\/www.matyasnovak.eu\/wp-includes\/js\/wp-embed.min.js\n<\/script>","thumbnail_url":"https:\/\/novakweb2.eu\/wp-content\/uploads\/2023\/06\/matyas-novak-a-franz-liszt-v-anezskem-klastere.jpg","thumbnail_width":800,"thumbnail_height":540,"description":"Prostory Ane\u017esk\u00e9ho kl\u00e1\u0161tera, kter\u00e9 host\u00ed cyklus klav\u00edrn\u00edch recit\u00e1l\u016f Hybatel\u00e9 rezonance, svou atmosf\u00e9rou \u00fa\u010dinek jednotliv\u00fdch vystoupen\u00ed je\u0161t\u011b umoc\u0148uj\u00ed. Posledn\u00edm koncertem sez\u00f3ny 2022\/2023 byl v pond\u011bl\u00ed 29. kv\u011btna 2023 recit\u00e1l \u010dty\u0159iadvacetilet\u00e9ho \u010desk\u00e9ho klav\u00edristy Maty\u00e1\u0161e Nov\u00e1ka. Poslucha\u010di m\u011bli mo\u017enost v jeho pod\u00e1n\u00ed sly\u0161et jak p\u016fvodn\u00ed Lisztovy skladby, tak Lisztovy transkripce p\u00edsn\u00ed Franze Schuberta. Franz Liszt&nbsp;pat\u0159\u00ed mezi obl\u00edben\u00e9 autory&nbsp;Maty\u00e1\u0161e [&hellip;]"}

Matyáš Novák

Matyáš Novák a Franz Liszt v Anežském klášteře ~ Matyáš Novák

<blockquote class="wp-embedded-content" data-secret="MbzCQnoBhW"><a href="http://www.matyasnovak.eu/en/aktuality/matyas-novak-a-franz-liszt-v-anezskem-klastere/">Matyáš Novák a Franz Liszt v Anežském klášteře</a></blockquote><iframe sandbox="allow-scripts" security="restricted" src="http://www.matyasnovak.eu/en/aktuality/matyas-novak-a-franz-liszt-v-anezskem-klastere/embed/#?secret=MbzCQnoBhW" width="600" height="338" title="&#8220;Matyáš Novák a Franz Liszt v Anežském klášteře&#8221; &#8212; Matyáš Novák" data-secret="MbzCQnoBhW" frameborder="0" marginwidth="0" marginheight="0" scrolling="no" class="wp-embedded-content"></iframe><script>
/*! This file is auto-generated */
!function(d,l){"use strict";l.querySelector&&d.addEventListener&&"undefined"!=typeof URL&&(d.wp=d.wp||{},d.wp.receiveEmbedMessage||(d.wp.receiveEmbedMessage=function(e){var t=e.data;if((t||t.secret||t.message||t.value)&&!/[^a-zA-Z0-9]/.test(t.secret)){for(var s,r,n,a=l.querySelectorAll('iframe[data-secret="'+t.secret+'"]'),o=l.querySelectorAll('blockquote[data-secret="'+t.secret+'"]'),c=new RegExp("^https?:$","i"),i=0;i<o.length;i++)o[i].style.display="none";for(i=0;i<a.length;i++)s=a[i],e.source===s.contentWindow&&(s.removeAttribute("style"),"height"===t.message?(1e3<(r=parseInt(t.value,10))?r=1e3:~~r<200&&(r=200),s.height=r):"link"===t.message&&(r=new URL(s.getAttribute("src")),n=new URL(t.value),c.test(n.protocol))&&n.host===r.host&&l.activeElement===s&&(d.top.location.href=t.value))}},d.addEventListener("message",d.wp.receiveEmbedMessage,!1),l.addEventListener("DOMContentLoaded",function(){for(var e,t,s=l.querySelectorAll("iframe.wp-embedded-content"),r=0;r<s.length;r++)(t=(e=s[r]).getAttribute("data-secret"))||(t=Math.random().toString(36).substring(2,12),e.src+="#?secret="+t,e.setAttribute("data-secret",t)),e.contentWindow.postMessage({message:"ready",secret:t},"*")},!1)))}(window,document);
//# sourceURL=http://www.matyasnovak.eu/wp-includes/js/wp-embed.min.js
</script>

Prostory Anežského kláštera, které hostí cyklus klavírních recitálů Hybatelé rezonance, svou atmosférou účinek jednotlivých vystoupení ještě umocňují. Posledním koncertem sezóny 2022/2023 byl v pondělí 29. května 2023 recitál čtyřiadvacetiletého českého klavíristy Matyáše Nováka. Posluchači měli možnost v jeho podání slyšet jak původní Lisztovy skladby, tak Lisztovy transkripce písní Franze Schuberta. Franz Liszt&nbsp;patří mezi oblíbené autory&nbsp;Matyáše [&hellip;]
